20*g**2 - 138*g - 175. Give d(-119).
2086
Let z(f) = 4548*f + 336559. What is z(-74)?
7
Let h(o) = -4*o**2 + 65*o - 166. Give h(11).
65
Let h(q) = 8*q**3 - 208*q**2 + q - 20. Give h(26).
6
Let d(o) = o**2 - 801*o - 137179. Give d(-145).
-9
Let u(d) = 5*d**3 - 82*d**2 - 615*d - 39. Calculate u(22).
-17
Let m(u) = -3*u**3 - 170*u**2 - 407*u + 1352. Determine m(-54).
2
Let m(v) = -81*v**2 - 686*v + 106. What is m(-8)?
410
Let q(a) = 2276*a - 20522. Determine q(9).
-38
Let t(l) = 2536*l - 3828. What is t(1)?
-1292
Let l(g) = -2648*g - 7185. Give l(-2).
-1889
Let a(r) = 2*r**3 + 39*r**2 - 483*r + 718. Give a(-27).
2824
Let j(w) = 2030*w + 146198. Calculate j(-72).
38
Let b(x) = -4934*x + 14769. Calculate b(3).
-33
Let j(o) = -236*o**3 + 20302*o**2 - 509*o - 610. Calculate j(86).
-8
Let b(c) = -2*c**3 + 7*c**2 - 2*c + 13. Give b(7).
-344
Let q(t) = -3*t**2 + 58*t - 221. Calculate q(17).
-102
Let r(o) = 4772*o - 4832. Calculate r(1).
-60
Let q(r) = -469*r - 16000. Determine q(-30).
-1930
Let i(w) = w**3 - 82*w**2 - 236*w - 1639. Determine i(85).
-24
Let m(l) = 8*l**3 + 8*l**2 + 75*l - 128. Give m(0).
-128
Let p(j) = -j**3 - 11*j**2 + 295*j + 2978. Determine p(-11).
-267
Let r(s) = s**2 - 389*s + 38328. Determine r(174).
918
Let d(k) = -822*k + 420. What is d(4)?
-2868
Let c(p) = 86323*p - 863215. What is c(10)?
15
Let x(b) = b**3 + 79*b**2 + 504*b - 23. Calculate x(-72).
-23
Let i(g) = 2*g**3 + 222*g**2 + 214*g - 642. Give i(-110).
18
Let l(g) = g**2 - 361*g + 12762. Give l(41).
-358
Let q(d) = -4*d**3 - 265*d**2 - 67*d - 57. Give q(-66).
9
Let o(b) = -3*b**2 - 3262*b + 23024. Calculate o(7).
43
Let s(o) = -o**3 + 12*o**2 + 14523*o - 159906. What is s(11)?
-32
Let p(v) = 4*v + 447. What is p(-60)?
207
Let m(g) = -g**3 + 27*g**2 + 114*g - 2307. Calculate m(28).
101
Let i(w) = 2*w**3 - 49*w**2 + 3*w + 217. Calculate i(24).
-287
Let z(r) = 30*r**3 - 21*r**2 - r + 1. Calculate z(-3).
-995
Let m(u) = -3826*u - 1258748. Calculate m(-329).
6
Let y(a) = -29*a**2 + 358*a - 74. Determine y(8).
934
Let c(m) = -2*m**2 + 23663*m + 118358. What is c(-5)?
-7
Let t(p) = 7610*p + 342447. What is t(-45)?
-3
Let c(z) = -109*z**2 + 449*z - 53. Give c(4).
-1
Let s(n) = 117*n**2 - 3031*n + 427. Calculate s(24).
-4925
Let w(f) = -629*f**2 + 46575*f - 2109. Calculate w(74).
37
Let u(s) = -167*s**2 - 11026*s - 344. Determine u(-66).
-80
Let o(i) = i**3 + 4*i**2 + 1672*i + 5013. Calculate o(-3).
6
Let d(x) = -55*x**3 - 717*x**2 - 289*x - 3424. Calculate d(-13).
-5
Let k(d) = 5*d**3 - 72*d**2 + 177*d - 1006. Determine k(13).
112
Let r(x) = -1419*x - 584633. Give r(-412).
-5
Let m(z) = -z**2 + 151*z - 5277. Calculate m(59).
151
Let g(b) = 62*b**2 - 14874*b + 14876. Give g(1).
64
Let t(d) = -d**3 - 17*d**2 + 905*d + 16026. Give t(-18).
60
Let h(v) = 12*v**3 + 97*v**2 - 748*v + 242. Give h(-13).
-5
Let h(w) = 2*w**2 - 284*w + 4393. Determine h(124).
-71
Let f(p) = -3*p**2 - 98*p + 2181. What is f(-49)?
-220
Let r(j) = 155157*j + 33358770. What is r(-215)?
15
Let o(p) = 10204*p - 2265583. Give o(222).
-295
Let s(q) = 336*q**2 - 19485*q - 154. Determine s(58).
20
Let m(u) = -u**3 - 13*u**2 + 150*u + 2948. What is m(-23)?
4788
Let k(v) = -v**2 + 1979*v - 16007. Calculate k(8).
-239
Let g(p) = -2*p**3 + 12*p**2 - 157339*p + 944033. Give g(6).
-1
Let t(q) = 597*q + 84200. Determine t(-141).
23
Let m(y) = -y**2 - 137*y + 138. Calculate m(1).
0
Let q(t) = 38*t**2 - 235*t + 186. Determine q(10).
1636
Let g(q) = q**2 + 23*q + 332. What is g(-16)?
220
Let t(j) = 103*j**2 - 1457*j - 16. Give t(12).
-2668
Let x(a) = -80*a**2 + 814*a - 1353. What is x(8)?
39
Let i(z) = -8*z**3 - 2456*z**2 + 7440*z - 39. Give i(-310).
-39
Let m(k) = -34282*k + 445657. Determine m(13).
-9
Let g(u) = 34*u**2 - 383*u - 5073. Determine g(19).
-76
Let o(n) = 253*n**2 + 411633*n + 3250. What is o(-1627)?
-4
Let b(l) = -l**3 + 29*l**2 - 38*l - 833. Give b(25).
717
Let j(f) = f**2 - 181*f + 5902. Calculate j(42).
64
Let h(x) = 958*x**2 - 834*x - 7. Determine h(1).
117
Let w(f) = -4*f**2 + 103*f - 49. Calculate w(30).
-559
Let k(t) = -42*t**2 - 859*t + 303. Give k(-21).
-180
Let v(y) = 73*y**2 + 176*y - 22. Determine v(-3).
107
Let k(u) = u**3 - 29*u**2 - 184*u - 338. What is k(34)?
-814
Let i(c) = -2*c**3 + 160*c**2 + 134*c + 634. Calculate i(81).
-1634
Let i(h) = -h**3 - 354*h**2 - 4418*h + 5109. Determine i(-341).
-6
Let h(w) = -w**3 + 452*w**2 - 1803*w + 4931. Calculate h(448).
3
Let o(i) = -1364588*i + 9552121. What is o(7)?
5
Let y(w) = 919*w + 5901. What is y(-6)?
387
Let t(v) = 1349*v - 71478. Give t(53).
19
Let j(w) = -3*w**3 + 264*w**2 - 16*w + 1398. Determine j(88).
-10
Let d(r) = -r**2 + 16*r + 1576. Calculate d(47).
119
Let j(l) = 4*l**2 - 6763*l + 47332. Give j(7).
187
Let w(z) = 9*z**3 - 1584*z**2 + 7*z - 1261. Determine w(176).
-29
Let q(l) = 10*l**3 - 86*l**2 + 3*l - 75. Calculate q(10).
1355
Let l(v) = -6188*v + 179595. Determine l(29).
143
Let b(x) = -x**2 - 7984*x - 127491. Give b(-16).
-3
Let n(w) = 117*w - 5780. Give n(43).
-749
Let r(q) = 7*q**2 + 370*q - 4391. Calculate r(10).
9
Let u(g) = -3795*g - 26596. What is u(-7)?
-31
Let c(n) = 6956*n + 97379. What is c(-14)?
-5
Let n(v) = 7*v**2 - 181*v + 108. Determine n(23).
-352
Let n(v) = 7043*v - 5120260. What is n(727)?
1
Let m(q) = -1054*q - 57036. What is m(-54)?
-120
Let m(j) = 371*j**2 + 2516*j + 78. Determine m(-7).
645
Let s(k) = -162*k**3 + 19*k**2 + 39*k - 4. Calculate s(-2).
1290
Let t(l) = l**3 - 22*l**2 - 199*l - 1045. What is t(30)?
185
Let o(n) = 1454*n**2 - 7307*n + 218. What is o(5)?
33
Let o(u) = 43*u**2 - 57*u - 297. Give o(0).
-297
Let p(o) = o - 667. What is p(-42)?
-709
Let f(q) = 78*q**2 + 33*q - 77. Calculate f(-7).
3514
Let b(n) = 2*n**2 + 1323*n - 14463. Determine b(11).
332
Let p(b) = -7*b**2 + 1010*b + 260. Give p(144).
548
Let z(m) = m**3 + 20*m**2 + 149*m + 207. Calculate z(-5).
-163
Let w(m) = -1212*m + 593885. Calculate w(490).
5
Let q(s) = -18*s**2 - 561*s - 6150. Calculate q(-11).
-2157
Let i(t) = 2*t**3 - 941*t**2 + 42068*t - 889. What is i(50)?
11
Let p(z) = -z**3 + 8*z**2 + 17639*z - 158631. Calculate p(9).
39
Let k(r) = 26007*r + 156057. What is k(-6)?
15
Let a(t) = -196*t - 14023. Determine a(-72).
89
Let p(a) = -2*a**3 - 17*a**2 - 48*a - 258. What is p(-8)?
62
Let q(v) = 165*v**2 - 280*v + 554. What is q(2)?
654
Let t(m) = 8138*m - 81232. Calculate t(10).
148
Let o(r) = -28*r**2 + 516*r + 151. Calculate o(21).
-1361
Let u(l) = l**2 + 15724*l + 470538. Calculate u(-30).
-282
Let a(w) = -1528*w**2 - 179*w - 250. What is a(-1)?
-1599
Let f(d) = -d**2 + 709*d - 6764. Give f(10).
226
Let f(v) = 7*v**3 - 478*v**2 + 121*v + 1022. Calculate f(68).
2
Let p(h) = -2*h**3 - 568*h**2 - 40084*h + 235. What is p(-131)?
-27
Let l(c) = -c**3 + 8*c**2 - 4601*c + 41483. Calculate l(9).
-7
Let z(k) = 2344*k - 9266. Calculate z(4).
110
Let f(m) = -4*m**3 - 116*m**2 + 142*m + 2214. Give f(-30).
1554
Let a(h) = 3*h**3 + 34*h**2 - 706*h - 37. What is a(-22)?
7
Let g(r) = -1104*r - 2141. Determine g(-2).
67
Let n(b) = 1101817*b - 2203609. Calculate n(2).
25
Let j(h) = -h**3 + 2025*h**2 + 174962*h + 4222. Give j(2108).
6
Let i(v) = -16533*v - 264330. Determine i(-16).
198
Let j(k) = -2*k**3 - 320*k**2 - 608*k + 3780. Give j(-158).
-12
Let l(b) = 2*b**3 + 4*b**2 + 2120*b + 15319. What is l(-7)?
-11
Let n(h) = -21*h**3 + 5*h**2 - h - 6. What is n(1)?
-23
Let q(x) = -x**3 - 485*x**2 - 7056*x - 2846. What is q(-470)?
-26
Let t(u) = u**2 + 14572*u - 789807. Calculate t(54).
-3
Let u(z) = 17*z + 948. What is u(-8)?
812
Let h(x) = -x**3 + 15*x**2 - 156*x + 2342. Calculate h(15).
2
Let i(n) = n**2 + 2480*n + 51343. What is i(-21)?
-296
Let x(y) = 5*y**3 - 1838*y**2 - 831*y + 34985. What is x(368)?
25
Let g(a) = -299*a - 22997. Calculate g(-71).
-1768
Let x(a) = -a**2 - 17558*a - 35120. Give x(-2).
-8
Let q(g) = -65*g**2 + 9237*g - 1040. Calculate q(142).
-46
Let u(i) = 5*i**2 + 1823*i + 165230. Determine u(-196).
2
Let j(i) = -7602*i - 121627. What is j(-16)?
5
Let z(j) = 4*j**2 - 1541*j - 7783. Give z(-5).
22
Let f(m) = -1402*m + 448332. Give f(320).
-308
Let h(n) = -3*n**3 - 257*n**2 - 3817*n - 7575. What is h(-16)?
-7
Let d(r) = -3443*r + 34943. Give d(10).
513
Let j(k) = k**3 + 11*k**2 - 5411*k + 2653. Calculate j(68).
1
Let a(q) = -6